
{"id":52,"date":"2021-11-15T10:38:23","date_gmt":"2021-11-15T09:38:23","guid":{"rendered":"https:\/\/przedszkole77.edu.wroclaw.pl\/?page_id=52"},"modified":"2026-03-03T16:34:45","modified_gmt":"2026-03-03T15:34:45","slug":"rodo","status":"publish","type":"page","link":"https:\/\/przedszkole77.edu.wroclaw.pl\/index.php\/rodo\/","title":{"rendered":"RODO"},"content":{"rendered":"<div class=\"wpb-content-wrapper\"><p>[vc_row][vc_column][vc_column_text css=&#8221;&#8221;]<\/p>\n<h2>Kontakt do inspektora ochrony danych<\/h2>\n<p style=\"text-align: left\" align=\"center\">IOD: Tomasz Grzybowski,<\/p>\n<p style=\"text-align: left\" align=\"center\"><a href=\"mailto:inspektor@corecolsunting.pl\">inspektor@coreconsulting.pl<\/a><\/p>\n<p style=\"text-align: left\" align=\"center\">lub<\/p>\n<p style=\"text-align: left\" align=\"center\">CORE Consulting<\/p>\n<p>Stary Rynek 80\/82 61-772 Pozna\u0144<\/p>\n<hr \/>\n<h3 style=\"text-align: left\" align=\"center\">Pliki do pobrania:<\/h3>\n<p><a href=\"https:\/\/przedszkole77.edu.wroclaw.pl\/wp-content\/uploads\/sites\/70\/2024\/11\/Zal.-3.-Upowaznienie-Czlonek-Komisji-ds.-rozpatrywania-Zgloszen.docx\">Za\u0142. 3. Upowa\u017cnienie &#8211; Czlonek Komisji ds. rozpatrywania Zg\u0142osze\u0144 (DOC 36KB)<\/a><\/p>\n<p><a href=\"https:\/\/przedszkole77.edu.wroclaw.pl\/wp-content\/uploads\/sites\/70\/2024\/11\/Zal.-7n.-Klauzula-edukacja-dziecka-w-placowce.docx\">Za\u0142. 7n. <\/a><a href=\"https:\/\/przedszkole77.edu.wroclaw.pl\/wp-content\/uploads\/sites\/70\/2026\/03\/Klauzula-edukacja-dziecka-w-placowce-2.docx\">Klauzula &#8211; edukacja dziecka w plac\u00f3wce<\/a><a href=\"https:\/\/przedszkole77.edu.wroclaw.pl\/wp-content\/uploads\/sites\/70\/2024\/11\/Zal.-7n.-Klauzula-edukacja-dziecka-w-placowce.docx\">(DOC 36KB)<\/a><\/p>\n<p><a href=\"https:\/\/przedszkole77.edu.wroclaw.pl\/wp-content\/uploads\/sites\/70\/2024\/11\/Zal.-6.-Klauzula-swiadek-i-osoby-trzecie.docx\">Za\u0142. 6. Klauzula &#8211; \u015bwiadek i osoby trzecie<\/a><a href=\"https:\/\/przedszkole77.edu.wroclaw.pl\/wp-content\/uploads\/sites\/70\/2024\/11\/Zal.-3.-Upowaznienie-Czlonek-Komisji-ds.-rozpatrywania-Zgloszen.docx\">(DOC 36KB)<\/a><\/p>\n<p><a href=\"https:\/\/przedszkole77.edu.wroclaw.pl\/wp-content\/uploads\/sites\/70\/2024\/11\/Zal.-5.-Klauzula-Osoba-ktorej-dotyczy-zgloszenie.docx\">Za\u0142. <\/a><a href=\"https:\/\/przedszkole77.edu.wroclaw.pl\/wp-content\/uploads\/sites\/70\/2024\/11\/Zal.-5.-Klauzula-Osoba-ktorej-dotyczy-zgloszenie.docx\">5. Klauzula &#8211; Osoba, kt\u00f3rej dotyczy zg\u0142oszenie<\/a><a href=\"https:\/\/przedszkole77.edu.wroclaw.pl\/wp-content\/uploads\/sites\/70\/2024\/11\/Zal.-3.-Upowaznienie-Czlonek-Komisji-ds.-rozpatrywania-Zgloszen.docx\">(DOC 36KB)<\/a><\/p>\n<p><a href=\"https:\/\/przedszkole77.edu.wroclaw.pl\/wp-content\/uploads\/sites\/70\/2024\/11\/Procedura-wewnetrzna-zglaszania-naruszen-prawa.docx\">Procedura wewn\u0119trzna zg\u0142aszania narusze\u0144 prawa<\/a><a href=\"https:\/\/przedszkole77.edu.wroclaw.pl\/wp-content\/uploads\/sites\/70\/2024\/11\/Zal.-3.-Upowaznienie-Czlonek-Komisji-ds.-rozpatrywania-Zgloszen.docx\">(DOC 82KB)<\/a><\/p>\n<p><a href=\"https:\/\/przedszkole77.edu.wroclaw.pl\/wp-content\/uploads\/sites\/70\/2024\/11\/Zal.-2.-Formularz-zgloszenia-naruszenia-prawa.docx\">Za\u0142. 2. Formularz zg\u0142oszenia naruszenia prawa<\/a><a href=\"https:\/\/przedszkole77.edu.wroclaw.pl\/wp-content\/uploads\/sites\/70\/2024\/11\/Zal.-3.-Upowaznienie-Czlonek-Komisji-ds.-rozpatrywania-Zgloszen.docx\">(DOC 37KB)<\/a><\/p>\n<p><a href=\"https:\/\/przedszkole77.edu.wroclaw.pl\/wp-content\/uploads\/sites\/70\/2024\/10\/Zal.-7j.-Kauzula-wolontariusz-2.docx\">Za\u0142. 7j.<\/a><a href=\"https:\/\/przedszkole77.edu.wroclaw.pl\/wp-content\/uploads\/sites\/70\/2026\/03\/Klauzula-wolontariusz.docx\">Klauzula &#8211; wolontariusz<\/a><a href=\"https:\/\/przedszkole77.edu.wroclaw.pl\/wp-content\/uploads\/sites\/70\/2024\/10\/Zal.-7w.-Klauzula-Fundusz-Zdrowotny-2.docx\">(DOC 36KB)<\/a><\/p>\n<p><a href=\"https:\/\/przedszkole77.edu.wroclaw.pl\/wp-content\/uploads\/sites\/70\/2024\/10\/Zal.-7u.-Klauzula-praktykanci-2.docx\">Za\u0142. 7u. <\/a><a href=\"https:\/\/przedszkole77.edu.wroclaw.pl\/wp-content\/uploads\/sites\/70\/2026\/03\/Klauzula-praktykanci.odt\">Klauzula praktykanci<\/a><a href=\"https:\/\/przedszkole77.edu.wroclaw.pl\/wp-content\/uploads\/sites\/70\/2024\/10\/Zal.-7w.-Klauzula-Fundusz-Zdrowotny-2.docx\">(DOC 28KB)<\/a><\/p>\n<p><a href=\"https:\/\/przedszkole77.edu.wroclaw.pl\/wp-content\/uploads\/sites\/70\/2024\/10\/Zal.-7l.-Klauzula-pracownik-nauczyciel-2.docx\">Za\u0142. 7l. <\/a><a href=\"https:\/\/przedszkole77.edu.wroclaw.pl\/wp-content\/uploads\/sites\/70\/2026\/03\/Klauzula-pracownik-nauczyciel.odt\">Klauzula &#8211; pracownik &#8211; nauczyciel<\/a><a href=\"https:\/\/przedszkole77.edu.wroclaw.pl\/wp-content\/uploads\/sites\/70\/2024\/10\/Zal.-7w.-Klauzula-Fundusz-Zdrowotny-2.docx\">(DOC 32KB)<\/a><\/p>\n<p><a href=\"https:\/\/przedszkole77.edu.wroclaw.pl\/wp-content\/uploads\/sites\/70\/2024\/10\/Zal.-7m.-Klauzula-pracownik-samorzadowy-2.docx\">Za\u0142. 7m. <\/a><a href=\"https:\/\/przedszkole77.edu.wroclaw.pl\/wp-content\/uploads\/sites\/70\/2026\/03\/Klauzula-pracownik-samorzadowy.docx\">Klauzula &#8211; pracownik samorz\u0105dowy<\/a><a href=\"https:\/\/przedszkole77.edu.wroclaw.pl\/wp-content\/uploads\/sites\/70\/2024\/10\/Zal.-7w.-Klauzula-Fundusz-Zdrowotny-2.docx\">(DOC 36KB)<\/a><\/p>\n<p><a href=\"https:\/\/przedszkole77.edu.wroclaw.pl\/wp-content\/uploads\/sites\/70\/2024\/10\/Zal.-7k.-Klauzula-rekrutacja-pracownika-2.docx\">Za\u0142. 7k. <\/a><a href=\"https:\/\/przedszkole77.edu.wroclaw.pl\/wp-content\/uploads\/sites\/70\/2026\/03\/Klauzula-rekrutacja-pracownika.docx\">Klauzula &#8211; rekrutacja pracownika<\/a><a href=\"https:\/\/przedszkole77.edu.wroclaw.pl\/wp-content\/uploads\/sites\/70\/2024\/10\/Zal.-7w.-Klauzula-Fundusz-Zdrowotny-2.docx\">(DOC 36KB)<\/a><\/p>\n<p><a href=\"https:\/\/przedszkole77.edu.wroclaw.pl\/wp-content\/uploads\/sites\/70\/2024\/10\/Zal.-7b.-Klauzula-postepowanie-administracyjne-2.docx\">Za\u0142. 7b. Klauzula post\u0119powanie administracyjne<\/a><a href=\"https:\/\/przedszkole77.edu.wroclaw.pl\/wp-content\/uploads\/sites\/70\/2024\/10\/Zal.-7w.-Klauzula-Fundusz-Zdrowotny-2.docx\">(DOC 38KB)<\/a><\/p>\n<p><a href=\"https:\/\/przedszkole77.edu.wroclaw.pl\/wp-content\/uploads\/sites\/70\/2024\/10\/Zal.-7c.-Klauzula-korespondencja-elektroniczna-2.docx\">Za\u0142. 7c. <\/a><a href=\"https:\/\/przedszkole77.edu.wroclaw.pl\/wp-content\/uploads\/sites\/70\/2026\/03\/Klauzula-korespondencja-elektroniczna.docx\">Klauzula &#8211; korespondencja elektroniczna<\/a><a href=\"https:\/\/przedszkole77.edu.wroclaw.pl\/wp-content\/uploads\/sites\/70\/2024\/10\/Zal.-7w.-Klauzula-Fundusz-Zdrowotny-2.docx\">(DOC 36KB)<\/a><\/p>\n<p><a href=\"https:\/\/przedszkole77.edu.wroclaw.pl\/wp-content\/uploads\/sites\/70\/2024\/10\/Zal.-7g.-Klauzula-zamowienia-publiczne-2.docx\">Za\u0142. 7g. <\/a><a href=\"https:\/\/przedszkole77.edu.wroclaw.pl\/wp-content\/uploads\/sites\/70\/2026\/03\/Klauzula-zamowienia-publiczne.docx\">Klauzula &#8211; zam\u00f3wienia publiczne<\/a><a href=\"https:\/\/przedszkole77.edu.wroclaw.pl\/wp-content\/uploads\/sites\/70\/2024\/10\/Zal.-7w.-Klauzula-Fundusz-Zdrowotny-2.docx\">(DOC 36KB)<\/a><\/p>\n<p><a href=\"https:\/\/przedszkole77.edu.wroclaw.pl\/wp-content\/uploads\/sites\/70\/2026\/03\/Klauzula-dla-osob-upowaznionych-do-odbioru-dziecka-z-przedszkola.docx\">Klauzula &#8211; dla os\u00f3b upowa\u017cnionych do odbioru dziecka z przedszkola(DOC32KB)<\/a><\/p>\n<p><a href=\"https:\/\/przedszkole77.edu.wroclaw.pl\/wp-content\/uploads\/sites\/70\/2026\/03\/Klauzula-ewidencja-wejsc-i-wyjsc.docx\">Klauzula &#8211; ewidencja wej\u015b\u0107 i wyj\u015b\u0107(DOC32KB)<\/a><\/p>\n<p><a href=\"https:\/\/przedszkole77.edu.wroclaw.pl\/wp-content\/uploads\/sites\/70\/2026\/03\/Klauzula-opiekun-wycieczki.docx\">Klauzula &#8211; opiekun wycieczki(DOC32KB)<\/a><\/p>\n<p><a href=\"https:\/\/przedszkole77.edu.wroclaw.pl\/wp-content\/uploads\/sites\/70\/2026\/03\/Klauzula-zlozenie-pisma-w-placowce.docx\">Klauzula &#8211; z\u0142o\u017cenie pisma w plac\u00f3wce(DOC36KB)<\/a><\/p>\n<p><a href=\"https:\/\/przedszkole77.edu.wroclaw.pl\/wp-content\/uploads\/sites\/70\/2026\/03\/Zal.-8.-Zgoda-na-wizerunek-na-www.docx\">Za\u0142. 8. Zgoda na wizerunek na www(DOC32KB)<\/a><\/p>\n<p><a href=\"https:\/\/przedszkole77.edu.wroclaw.pl\/wp-content\/uploads\/sites\/70\/2026\/03\/Zgoda-na-wizerunek-na-FB-oraz-YouTube-wychowanek.odt\">Zgoda na wizerunek na FB oraz YouTube &#8211; wychowanek(DOC32KB)<\/a><\/p>\n<p><a href=\"https:\/\/przedszkole77.edu.wroclaw.pl\/wp-content\/uploads\/sites\/70\/2024\/10\/Zal.-8c.-Zgoda-na-wizerunek-na-FB-oraz-YouTube-pracownik-2.docx\">Za\u0142. 8c. <\/a><a href=\"https:\/\/przedszkole77.edu.wroclaw.pl\/wp-content\/uploads\/sites\/70\/2026\/03\/Zgoda-na-wizerunek-na-FB-oraz-YouTube-pracownik.odt\">Zgoda na wizerunek na FB oraz YouTube &#8211; pracownik<\/a><a href=\"https:\/\/przedszkole77.edu.wroclaw.pl\/wp-content\/uploads\/sites\/70\/2024\/10\/Zal.-7w.-Klauzula-Fundusz-Zdrowotny-2.docx\">(DOC 28KB)<\/a><\/p>\n<p><a href=\"https:\/\/przedszkole77.edu.wroclaw.pl\/wp-content\/uploads\/sites\/70\/2024\/10\/Zal.-8d.-Zgoda-na-wizerunek-na-FB-oraz-YouTube-osoba-trzecia-2.docx\">Za\u0142. 8d. <\/a><a href=\"https:\/\/przedszkole77.edu.wroclaw.pl\/wp-content\/uploads\/sites\/70\/2026\/03\/Zgoda-na-wizerunek-na-FB-oraz-YouTube-osoba-trzecia.docx\">Zgoda na wizerunek na FB oraz YouTube &#8211; osoba trzecia<\/a><a href=\"https:\/\/przedszkole77.edu.wroclaw.pl\/wp-content\/uploads\/sites\/70\/2024\/10\/Zal.-7w.-Klauzula-Fundusz-Zdrowotny-2.docx\">(DOC 32KB)<\/a><\/p>\n<p><a href=\"https:\/\/przedszkole77.edu.wroclaw.pl\/wp-content\/uploads\/sites\/70\/2024\/10\/Zal.-7t.-Klauzula-ZFSS-2.docx\">Za\u0142. 7t. <\/a><a href=\"https:\/\/przedszkole77.edu.wroclaw.pl\/wp-content\/uploads\/sites\/70\/2026\/03\/Klauzula-ZFSS.docx\">Klauzula ZF\u015aS<\/a><a href=\"https:\/\/przedszkole77.edu.wroclaw.pl\/wp-content\/uploads\/sites\/70\/2024\/10\/Zal.-7w.-Klauzula-Fundusz-Zdrowotny-2.docx\">(DOC 32KB)<\/a><\/p>\n<p><a href=\"https:\/\/przedszkole77.edu.wroclaw.pl\/wp-content\/uploads\/sites\/70\/2024\/10\/Zal.-7s-Klauzula-praca-spolecznie-uzyteczna-2.docx\">Za\u0142. 7s Klauzula &#8211; praca spo\u0142ecznie u\u017cyteczna<\/a><a href=\"https:\/\/przedszkole77.edu.wroclaw.pl\/wp-content\/uploads\/sites\/70\/2024\/10\/Zal.-7w.-Klauzula-Fundusz-Zdrowotny-2.docx\">(DOC 37KB)<\/a><\/p>\n<p><a href=\"https:\/\/przedszkole77.edu.wroclaw.pl\/wp-content\/uploads\/sites\/70\/2024\/10\/Zal.-7w.-Klauzula-Fundusz-Zdrowotny-2.docx\">Za\u0142. 7w. Klauzula &#8211; Fundusz Zdrowotny(DOC 36KB)<\/a><\/p>\n<p><a href=\"https:\/\/przedszkole77.edu.wroclaw.pl\/wp-content\/uploads\/sites\/70\/2024\/11\/Zal.-4.-Klauzula-Zglaszajacy-Osoba-pomagajaca-i-powiazana-ze-Zglaszajacym_zidentyfikowany-.docx\">Za\u0142. 4. Klauzula &#8211; Zg\u0142aszaj\u0105cy, Osoba pomagaj\u0105ca i powi\u0105zana ze Zg\u0142aszaj\u0105cym_zidentyfikowany .<\/a> (DOC 20KB)[\/vc_column_text][\/vc_column][\/vc_row]<\/p>\n<\/div>","protected":false},"excerpt":{"rendered":"<p>[vc_row][vc_column][vc_column_text css=&#8221;&#8221;] Kontakt do inspektora ochrony danych IOD: Tomasz Grzybowski, inspektor@coreconsulting.pl lub CORE Consulting Stary Rynek 80\/82 61-772 Pozna\u0144 Pliki do pobrania: Za\u0142. 3. Upowa\u017cnienie &#8211; Czlonek Komisji ds. rozpatrywania [&hellip;]<\/p>\n","protected":false},"author":15,"featured_media":0,"parent":0,"menu_order":0,"comment_status":"closed","ping_status":"closed","template":"","meta":{"footnotes":""},"class_list":["post-52","page","type-page","status-publish","hentry","clearfix"],"_links":{"self":[{"href":"https:\/\/przedszkole77.edu.wroclaw.pl\/index.php\/wp-json\/wp\/v2\/pages\/52","targetHints":{"allow":["GET"]}}],"collection":[{"href":"https:\/\/przedszkole77.edu.wroclaw.pl\/index.php\/wp-json\/wp\/v2\/pages"}],"about":[{"href":"https:\/\/przedszkole77.edu.wroclaw.pl\/index.php\/wp-json\/wp\/v2\/types\/page"}],"author":[{"embeddable":true,"href":"https:\/\/przedszkole77.edu.wroclaw.pl\/index.php\/wp-json\/wp\/v2\/users\/15"}],"replies":[{"embeddable":true,"href":"https:\/\/przedszkole77.edu.wroclaw.pl\/index.php\/wp-json\/wp\/v2\/comments?post=52"}],"version-history":[{"count":25,"href":"https:\/\/przedszkole77.edu.wroclaw.pl\/index.php\/wp-json\/wp\/v2\/pages\/52\/revisions"}],"predecessor-version":[{"id":3034,"href":"https:\/\/przedszkole77.edu.wroclaw.pl\/index.php\/wp-json\/wp\/v2\/pages\/52\/revisions\/3034"}],"wp:attachment":[{"href":"https:\/\/przedszkole77.edu.wroclaw.pl\/index.php\/wp-json\/wp\/v2\/media?parent=52"}],"curies":[{"name":"wp","href":"https:\/\/api.w.org\/{rel}","templated":true}]}}